en 60680630 is divided by 11.
10
What is the remainder when 10771994 is divided by 1795327?
32
What is the remainder when 18087235 is divided by 308?
243
Calculate the remainder when 86669 is divided by 1613.
1180
Calculate the remainder when 199393113 is divided by 4753.
10
Calculate the remainder when 12049873 is divided by 2096.
2065
Calculate the remainder when 79144 is divided by 1083.
85
What is the remainder when 2875876833 is divided by 147?
144
What is the remainder when 155751 is divided by 18968?
4007
What is the remainder when 127772747 is divided by 125?
122
Calculate the remainder when 10225384 is divided by 3408444.
52
Calculate the remainder when 700639 is divided by 701.
340
What is the remainder when 180660459 is divided by 33?
12
Calculate the remainder when 422802163 is divided by 82.
77
Calculate the remainder when 10142 is divided by 1312.
958
Calculate the remainder when 3383019 is divided by 3400.
19
What is the remainder when 1325442 is divided by 580?
142
Calculate the remainder when 637887 is divided by 50.
37
Calculate the remainder when 6359 is divided by 1110.
809
Calculate the remainder when 21079 is divided by 481.
396
What is the remainder when 296929 is divided by 570?
529
What is the remainder when 130985 is divided by 16238?
1081
What is the remainder when 10554897 is divided by 128?
17
Calculate the remainder when 91573952 is divided by 131.
105
Calculate the remainder when 216973 is divided by 310.
283
What is the remainder when 3969610 is divided by 268?
262
Calculate the remainder when 16848725 is divided by 26.
23
Calculate the remainder when 8484 is divided by 1641.
279
Calculate the remainder when 164351 is divided by 1126.
1081
Calculate the remainder when 3310419 is divided by 114151.
40
Calculate the remainder when 640143 is divided by 1005.
963
Calculate the remainder when 139806 is divided by 34887.
258
Calculate the remainder when 129487 is divided by 43153.
28
Calculate the remainder when 1817712 is divided by 89.
65
What is the remainder when 5442286 is divided by 388733?
24
What is the remainder when 3452836 is divided by 5004?
76
Calculate the remainder when 78889 is divided by 621.
22
What is the remainder when 2550862 is divided by 1275284?
294
What is the remainder when 120778911 is divided by 102?
99
What is the remainder when 13511 is divided by 196?
183
What is the remainder when 5481158 is divided by 203000?
158
Calculate the remainder when 6595394 is divided by 459.
23
Calculate the remainder when 2111886 is divided by 2725.
11
Calculate the remainder when 26357956 is divided by 317.
40
Calculate the remainder when 872643 is divided by 218158.
11
What is the remainder when 84233982 is divided by 586?
584
Calculate the remainder when 149812592 is divided by 542.
540
Calculate the remainder when 32387066 is divided by 10795682.
20
Calculate the remainder when 574444 is divided by 182.
52
What is the remainder when 109079 is divided by 146?
17
Calculate the remainder when 3110412 is divided by 265.
107
Calculate the remainder when 107784 is divided by 1349.
1213
Calculate the remainder when 19233821 is divided by 65.
61
Calculate the remainder when 257223 is divided by 4.
3
Calculate the remainder when 3111255 is divided by 979.
972
Calculate the remainder when 738123 is divided by 1115.
1108
What is the remainder when 46254 is divided by 1403?
1358
What is the remainder when 17960169 is divided by 4108?
4101
Calculate the remainder when 23031 is divided by 7618.
177
What is the remainder when 580940 is divided by 104?
100
Calculate the remainder when 296803 is divided by 1648.
163
Calculate the remainder when 132410737 is divided by 1103.
1102
Calculate the remainder when 31183 is divided by 576.
79
Calculate the remainder when 7964019 is divided by 31.
26
Calculate the remainder when 322666 is divided by 59.
54
Calculate the remainder when 21077487 is divided by 42.
39
What is the remainder when 628677310 is divided by 945?
940
Calculate the remainder when 4959608 is divided by 708510.
38
Calculate the remainder when 3434816 is divided by 214676.
0
Calculate the remainder when 2584883 is divided by 1292329.
225
Calculate the remainder when 12162 is divided by 1975.
312
Calculate the remainder when 100425988 is divided by 2226.
2224
What is the remainder when 2387195 is divided by 137?
107
What is the remainder when 24572208 is divided by 380?
268
Calculate the remainder when 119285 is divided by 7448.
117
Calculate the remainder when 40965483 is divided by 6.
3
Calculate the remainder when 253079 is divided by 9363.
278
Calculate the remainder when 590402 is divided by 9224.
66
Calculate the remainder when 2048902 is divided by 5059.
7
What is the remainder when 102629 is divided by 5416?
5141
What is the remainder when 7951 is divided by 761?
341
What is the remainder when 45834 is divided by 11455?
14
What is the remainder when 1495474 is divided by 13004?
14
What is the remainder when 3281104 is divided by 1089?
1036
Calculate the remainder when 982035 is divided by 83.
62
What is the remainder when 207748 is divided by 966?
58
What is the remainder when 186573 is divided by 11660?
13
What is the remainder when 4691523 is divided by 17?
16
Calculate the remainder when 585750 is divided by 1388.
14
What is the remainder when 190891 is divided by 1143?
10
Calculate the remainder when 73320 is divided by 2239.
1672
What is the remainder when 436552 is divided by 218041?
470
Calculate the remainder when 7858603 is divided by 1481.
417
What is the remainder when 160294 is divided by 8888?
310
What is the remainder when 6467404 is divided by 450?
4
Calculate the remainder when 1891928 is divided by 9507.
35
What is the remainder when 9724501 is divided by 41?
39
What is the remainder when 6820188 is divided by 829?
5
Calculate the remainder when 29628053 is divided by 46.
5
Calculate the remainder when 3402024 is divided by 455.
444
What is the remainder when 3173940 is divided by 2434?
4
Calculate the remainder when 52849 is divided by 3617.
2211
Calculate the remainder when 219452 is divided by 73047.
311
What is the remainder when 104050125 is divided by 1066?
1063
What is the remainder when 26917779 is divided by 23?
5
Calculate the remainder when 109796460 is divided by 26.
20
Calculate the remainder when 1930462 is divided by 1301.
1079
Calculate the remainder when 1488570 is divided by 4045.
10
Calculate the remainder when 234931796 is divided by 813.
812
What is the remainder when 23076271 is divided by 7692082?
25
Calculate the remainder when 479660 is divided by 103.
92
What is the remainder when 718563 is divided by 354?
297
What is the remainder when 349097 is divided by 36?
5
Calculate the remainder when 2028151 is divided by 3515.
3511
What is the remainder when 139791596 is divided by 52?
48
Calculate the remainder when 487004 is divided by 1345.
114
What is the remainder when 43150 is divided by 5967?
1381
What is the remainder when 34924 is divided by 1937?
58
What is the remainder when 58610317 is divided by 34?
29
What is the remainder when 1262149 is divided by 140236?
25
Calculate the remainder when 287862 is divided by 4878.
60
Calculate the remainder when 3743008 is divided by 28356.
16
Calculate the remainder when 1158262174 is divided by 62.
60
What is the remainder when 5641767 is divided by 11902?
219
What is the remainder when 791687 is divided by 113094?
29
What is the remainder when 36150997 is divided by 200?
197
What is the remainder when 13171251 is divided by 1600?
51
Calculate the remainder when 1392 is divided by 87.
0
Calculate the remainder when 239649 is divided by 189.
186
What is the remainder when 5352865 is divided by 29738?
25
What is the remainder when 209343 is divided by 2204?
2167
Calculate the remainder when 26013682 is divided by 221.
214
Calculate the remainder when 14106762 is divided by 7053373.
16
What is the remainder when 837489 is divided by 115?
59
What is the remainder when 715006101 is divided by 961?
959
What is the remainder when 1919853 is divided by 73?
26
Calculate the remainder when 35939433 is divided by 29.
23
What is the remainder when 621390 is divided by 17206?
1974
Calculate the remainder when 772384 is divided 